Give g(r).
5
Let s(w) = 2*w + 3. Suppose 2*i - y - 2 = 0, 3*i - 2*y + 5*y = 21. Suppose -2*j - c = 4*c - 13, -5*j + i*c = -17. Suppose -12 = -2*z + j*z. What is s(z)?
-9
Let o(j) = -j**2 + 22*j + 21. Let x be o(23). Let y(z) = -z**3 - z - 2. Calculate y(x).
8
Suppose -2*v + 9 = -3. Let d(c) = -c**3 + 5*c**2 + 7*c - 1. Let r be d(v). Let f(l) = l**2 - 3*l - 7. Calculate f(r).
3
Suppose -r - 3*r = r. Let m(v) = -3*v + 9. Let z(b) = 5*b - 5. Let s(t) = -6*t + 6. Let w(x) = 4*s(x) + 5*z(x). Let d(l) = -m(l) - 2*w(l). What is d(r)?
-7
Let j(x) be the second derivative of x**4/3 - x**3/6 - x**2 + 3*x. Let v(o) = -o**2. Let i(p) = -j(p) - 3*v(p). Calculate i(3).
-4
Suppose m + 0*m - 3 = 0. Let b(c) = 2 + c**2 + 0 + m*c + 0*c**2. Calculate b(-3).
2
Let c(x) be the third derivative of -x**2 + 0 - 1/24*x**4 - 1/20*x**6 + 0*x**3 + 1/30*x**5 + 0*x. Determine c(1).
-5
Let n be 10*1/((-3)/(-6)). Let c be 8/n + 88/5. Let z be c/(-4)*4/(-6). Let q(y) = 2*y - 3. What is q(z)?
3
Let q(i) = 4*i**2 + 2*i + 1. Let j be q(-1). Suppose -5*b - 12 - 14 = 2*f, -2*f - j*b = 18. Let a(x) = -2*x + 2. Calculate a(f).
8
Let f(m) = -m**3 + 4*m**2 + m - 2. Let y be f(2). Suppose 3*n - 4*u - u + y = 0, -3*n + 3*u - 6 = 0. Let r = -5 - n. Let x(v) = -2*v - 2. What is x(r)?
6
Let v(f) = f**3 - 5*f + 9*f + f**2 - 7 - 4*f. Calculate v(0).
-7
Suppose 2*c - 3 = -2*p + 7*p, -5*p - 9 = 4*c. Let n(b) = -7*b. Calculate n(p).
7
Let g(d) be the first derivative of d**2/2 + 14*d + 6. What is g(0)?
14
Suppose 6*k - k = v - 4, -5*k + 4*v = 16. Let p(g) be the third derivative of k*g - 1/24*g**4 + 2*g**2 - 1/2*g**3 + 0. Give p(0).
-3
Let q(h) = h**3. Let c(d) = -3*d**3 + 5*d**2 + 5*d + 3. Let m(x) = c(x) + 4*q(x). Let l = -7 - -4. What is m(l)?
6
Let y(m) = 4*m**2 - 7*m - 4. Suppose -3*z + 2*z - 1 = 0. Let k = 4 + z. Let x(p) = -7*p**2 + 13*p + 7. Let w(i) = k*x(i) + 5*y(i). Determine w(5).
-4
Let z(v) be the first derivative of -2*v**3/3 + 5*v**2/2 + 7*v - 1. Give z(5).
-18
Let z(b) = b**3 - 6*b**2 + 4*b + 7. Let x be z(5). Suppose x*p = 6*p + 12. Let w(d) = 2*d**2 + 3*d - 3. Determine w(p).
6
Let k = 124 - 123. Let w(f) = -6*f**3 + f. Give w(k).
-5
Let y(n) be the first derivative of 1/2*n**3 + 1 + 1/8*n**4 + 0*n - 1/2*n**2. Let q(w) be the second derivative of y(w). What is q(-2)?
-3
Let r(b) = b**3 + 4*b**2 + 5*b + 2. Let h(y) = 2*y - 1. Let l(x) = -x + 2. Let j be l(3). Let t be h(j). Calculate r(t).
-4
Let o(q) = -3*q**2 + 9*q + 1. Let b(p) = -p**2 + 4*p + 1. Let x(d) = 5*b(d) - 2*o(d). Calculate x(-4).
11
Let g(a) = a + 8. Suppose 45 = -5*r - 5*j, 0 = 3*r + 2*j + 35 - 11. Let d be (-14)/3 - (-2)/r. Let m be g(d). Let f(v) = -v**3 + v**2 + 4*v + 1. What is f(m)?
-5
Suppose 0 = -0*a - 4*a + 24. Let g(r) = -r + 1 - 4*r**3 - 2*r**3 + 5*r**3 + r**2 - a*r**2. Determine g(-5).
6
Suppose -x + 2 = -0. Suppose -3*p + 10 = x*p. Let f(g) = -2*g**2 + g**3 + 6 - 4 + g**3 - 3*g. Determine f(p).
4
Let u(x) = x**3 + 3*x**2 + 3*x - 1. Suppose 4 = -3*q + 2*q. Let n(f) = f**2 + 4*f + 1. Let b be n(q). Let c be (b - 0)/((-2)/6). Give u(c).
-10
Let t(y) be the second derivative of 0 + 3*y - 7/2*y**2 + 1/20*y**5 - 1/2*y**4 + 7/6*y**3. Give t(5).
3
Let j(s) = -2*s**3 + 3*s**2 - 2. Let n = -3 + 0. Let q = n + 5. Give j(q).
-6
Suppose -69 = -4*a - r, a + 8 + 1 = 5*r. Suppose -2*t + a = -6*t. Let m(z) be the third derivative of -z**4/12 - z**3/6 + 6*z**2. Give m(t).
7
Let b = -1 + 5. Let a(l) = -4*l**2 - 8. Let j(r) = 5*r**2 + r + 9. Suppose -5 = -2*m - d, 2*m - 3*m - 3*d - 5 = 0. Let w(h) = m*a(h) + 3*j(h). What is w(b)?
-9
Suppose 3*k - 3*i + 33 = 0, k + 7*i = 3*i + 14. Let l(s) = -s**2 - 4*s + 7. What is l(k)?
-5
Suppose -4*i = -i. Let f(z) = -z - 1. Let d(k) = -k**2 - 3*k - 3. Let p(v) = -d(v) + 3*f(v). Let c be p(i). Let b(w) = w**2 - 1. Determine b(c).
-1
Let k(m) = 14 + m - 22 - 5*m + 3*m. Determine k(-9).
1
Let l = 23 + -36. Let z(p) = 19*p**2 + 3*p + 2. Let c be z(-1). Let m = c + l. Let f(t) = t**3 - 5*t**2 - t + 6. Give f(m).
1
Let b(m) be the third derivative of -m**6/120 + 7*m**5/60 - m**4/24 + 5*m**3/3 + 14*m**2. Determine b(7).
3
Suppose -11 = -2*z - f, -5*z - 4*f + 27 = -8. Let t(d) = -9*d**3 - d**2 - 3*d - 2. Let o(n) = 10*n**3 + n**2 + 4*n + 3. Let y(j) = z*o(j) + 4*t(j). Give y(-1).
6
Let z be (-1 - 0)/((-2)/4). Let p(c) = -c - 4 + 11 - 7 - c**z. Calculate p(-2).
-2
Let q = 29 - 29. Let p(n) = n - 3. Determine p(q).
-3
Let o(d) = -d**3 + 3*d**2 - 2*d + 3. Suppose 5*w + 2*b - 16 = 0, -2*b = -3*w + b - 3. Determine o(w).
3
Let t(w) = 7 + 0*w - w**2 - w - 4. Give t(4).
-17
Let y(h) be the second derivative of -h**2 + 1/12*h**4 + 5/6*h**3 - 8*h + 0. Calculate y(-5).
-2
Let h(p) be the first derivative of -2*p + 3 - 5/2*p**2. What is h(-2)?
8
Let i(a) = 2*a**3 - 4*a**2 + a + 2. Let p be 11/4 + 9/(-12). Give i(p).
4
Suppose -2*j - 5*p - 37 = -5*j, -5*j - 4*p = 0. Let n = 19 - 30. Let h(f) = 5*f - 1. Let q(o) = 14*o - 4. Let c(w) = j*q(w) + n*h(w). Give c(5).
0
Let o = 12 + -10. Let a(c) = -c**2 + 0*c**3 + o*c**3 - 3*c**3 + 1 + c. Calculate a(0).
1
Let r(i) = 4*i - i**3 - 2*i - 6*i - 5 + 6*i**2. What is r(4)?
11
Suppose 0 = -4*c + 2*s + 18, c - 4*s = 2*c. Let i(b) be the second derivative of -b - 1/12*b**c + 0 - 2*b**2 + 2/3*b**3. Determine i(3).
-1
Let l(k) be the second derivative of k**5/20 + k**3/6 + 3*k**2/2 - 2*k. Give l(0).
3
Let x(n) = -n**2 - 5*n - 3. Let t(b) = b**2 + 9*b + 6. Let s(p) = 3*t(p) + 5*x(p). Calculate s(3).
-9
Let a(i) be the second derivative of i**3/2 + i**2 - 19*i. Calculate a(-3).
-7
Let n(k) be the first derivative of -k**2 - k - 2 - 3*k**2 + 6*k**2. Let a = -35 - -36. What is n(a)?
3
Let d = 4 + -2. Let s(r) = d*r - 3 - 2*r**2 + r**2 + 0*r. Suppose 2 = 4*n - 6. Give s(n).
-3
Let p(h) = 4*h**3 + h**2 - h + 1. Let a be p(1). Let q(x) = -1 - 8*x + a*x + 4*x. Calculate q(-2).
-3
Let u = 31 + -28. Let t(d) = -d**3 + 4*d**2 + d + 1. Calculate t(u).
13
Let o(y) = y**2 - 3*y + 1. Suppose -8 = -4*n + 4*u, -n + 7 = 4*u - 0. Let s = 48 - 23. Suppose -n*x = 2*x - s. Determine o(x).
11
Let h(r) = -r**3 - 4*r**2 + 5*r + 6. Let d be h(-5). Let l(y) = 83*y - 84*y + 3 + 9 - 1. Calculate l(d).
5
Let w(o) = -77*o - 2 + 84*o - 3*o**2 + 3*o**3 + 1. Let g be (-1)/(-3) - (-16)/(-3). Let r(d) = 2*d**3 - d**2 + 3*d. Let m(u) = g*r(u) + 3*w(u). Determine m(-5).
-8
Let n(o) = -o**2 - 5*o + 6. Let j be 72/(-14) + 2/14. Give n(j).
6
Let a(y) = -3*y**2 - 5*y. Let w(p) = -13*p**2 - 20*p + 1. Let k(x) = 9*a(x) - 2*w(x). Calculate k(-5).
-2
Let l be (-4)/(-10) - 52/(-20). Suppose 5*p - l*p = 8. Let b(k) = 4 + p*k - k + 0*k - 2*k. What is b(0)?
4
Let y(d) = -d**2 + 7 + 1 + 2*d - 4. Let f(g) = g**3 - 6*g**2 + g - 5. Let w be f(6). Suppose -w = 4*p - s + 11, 2*s = -2*p - 6. Calculate y(p).
-11
Suppose -4*i = -3*i. Let l(p) = -3*p - p + 7 + 2 + 6*p**2 - 5. Let z(n) = 7*n**2 - 5*n + 5. Let c(m) = -6*l(m) + 5*z(m). Calculate c(i).
1
Let d(n) = 2. Let w(s) = -s - 1. Let h(l) = d(l) + 2*w(l). Let k(b) = -2*b + 1. Let p(f) = 3*h(f) - 4*k(f). Let v be 2/4 + 18/4. What is p(v)?
6
Let x(y) be the first derivative of -3/2*y**2 - 1/4*y**4 - 1 - 6*y - 5/3*y**3. Suppose 0 = -w - 3*w - 20. Calculate x(w).
9
Let j(k) = -k**2 - 4*k + 6. Let y be j(-5). Suppose -2*u = 5 - y. Let n(d) = -2*d + 1. Give n(u).
5
Let b(i) = i**3 + 12*i**2 - i - 16. Let n be b(-12). Let v(o) = -2*o**3 - 3 + 3*o**3 + 0 + 6*o**2 + 5*o. Calculate v(n).
9
Let b be 15/35 + 33/21. Let r(t) = t**3 - t**2 + t - 1. Let x(z) = 2*z**3 - z**2 - 3. Let v = -3 + 2. Let q(c) = v*x(c) + r(c). Give q(b).
-4
Let l(y) = -y**3 + 6*y**2 + 2*y - 9. Let u be l(6). Let h be (3 - (u - 6)) + -3. Suppose 7 - h = -c. Let w(z) = -z**3 - 4*z**2 + 4. Give w(c).
4
Let u(f) be the first derivative of f**4/24 + f**3/3 - f**2/2 - 2. Let i(a) be the second derivative of u(a). Let q = -8 - -13. What is i(q)?
7
Let z(k) = -k**2 + k + 5. Let t(b) = b**2 - b - 1. Let i(c) = 2*t(c) + z(c). What is i(3)?
9
Let m(w) = -1 + 0 + w - 3 + 5. What is m(-5)?
-4
Let w(t) = -t**2 - t + 1. Let b be (-10 + 1)/(-3) + 2. Let d be (0 - (-2 + b))*1. Calculate w(d).
-5
Let v(p) = -p**3 - 3*p**2 + 4*p - 1. Suppose 0 = -4*q + 10 + 2. Let d be ((-8)/(-6))/((-1)/q). Give v(d).
-1
Let w(t) = t**3 + 6*t**2 - 2. Suppose -4*l - 6 = -3*l. What is w(l)?
-2
Let a(u) = 2*u**3 + u**2 - u + 2. Suppose 3*v + 2*w 